en 22420614 is divided by 224206?
14
What is the remainder when 1443108 is divided by 721540?
28
Calculate the remainder when 5801258 is divided by 966875.
8
Calculate the remainder when 52018928 is divided by 433491.
8
Calculate the remainder when 42401118 is divided by 6057301.
11
Calculate the remainder when 4258455 is divided by 1064600.
55
Calculate the remainder when 180815 is divided by 278.
115
What is the remainder when 4388310 is divided by 855?
450
What is the remainder when 2444747 is divided by 407447?
65
Calculate the remainder when 22371 is divided by 619.
87
What is the remainder when 18337302 is divided by 1833730?
2
Calculate the remainder when 29339244 is divided by 1779.
1755
Calculate the remainder when 2886814 is divided by 721417.
1146
What is the remainder when 39559950 is divided by 553?
542
What is the remainder when 116354 is divided by 2373?
77
Calculate the remainder when 295371 is divided by 9430.
3041
Calculate the remainder when 301112 is divided by 37636.
24
Calculate the remainder when 1562 is divided by 61.
37
What is the remainder when 6839857 is divided by 590?
577
Calculate the remainder when 28848847 is divided by 3691.
3682
What is the remainder when 15162881 is divided by 505429?
11
What is the remainder when 10802915 is divided by 23?
22
Calculate the remainder when 510844362 is divided by 12.
6
Calculate the remainder when 29997933 is divided by 48.
45
Calculate the remainder when 6307731 is divided by 25.
6
Calculate the remainder when 93506174 is divided by 10598.
20
What is the remainder when 56915 is divided by 713?
588
What is the remainder when 1413803 is divided by 1366?
1359
What is the remainder when 10405562 is divided by 294?
20
Calculate the remainder when 72130 is divided by 23573.
1411
What is the remainder when 1477193 is divided by 123098?
17
What is the remainder when 42208308 is divided by 184?
180
Calculate the remainder when 14309118 is divided by 8.
6
Calculate the remainder when 1170362 is divided by 2173.
1288
What is the remainder when 544821 is divided by 1539?
15
What is the remainder when 15491648 is divided by 946?
898
Calculate the remainder when 7025 is divided by 1580.
705
What is the remainder when 44788 is divided by 43231?
1557
What is the remainder when 339867 is divided by 24273?
45
Calculate the remainder when 200849 is divided by 50209.
13
What is the remainder when 14596 is divided by 7697?
6899
What is the remainder when 19682559 is divided by 6560848?
15
What is the remainder when 6671154 is divided by 248?
202
Calculate the remainder when 20700006 is divided by 304411.
58
What is the remainder when 484798 is divided by 1370?
1188
Calculate the remainder when 5948290 is divided by 991381.
4
Calculate the remainder when 560011 is divided by 14000.
11
Calculate the remainder when 62075 is divided by 4131.
110
Calculate the remainder when 23182187 is divided by 275978.
35
Calculate the remainder when 170159 is divided by 567.
59
What is the remainder when 1051231 is divided by 219?
31
Calculate the remainder when 138052 is divided by 4053.
250
Calculate the remainder when 3518589 is divided by 128.
125
What is the remainder when 224954 is divided by 4247?
4110
Calculate the remainder when 1197571 is divided by 26611.
76
Calculate the remainder when 10396 is divided by 2543.
224
What is the remainder when 8164411 is divided by 11371?
33
What is the remainder when 135478 is divided by 1832?
1742
What is the remainder when 294347 is divided by 1581?
281
Calculate the remainder when 2210229 is divided by 85008.
21
Calculate the remainder when 347099435 is divided by 124.
123
Calculate the remainder when 756290172 is divided by 10.
2
What is the remainder when 12873657 is divided by 4113?
4080
Calculate the remainder when 55249576 is divided by 8.
0
Calculate the remainder when 8060973 is divided by 11.
8
Calculate the remainder when 335851 is divided by 3392.
43
What is the remainder when 1190476 is divided by 661?
15
What is the remainder when 665101 is divided by 326?
61
What is the remainder when 308200 is divided by 4815?
40
Calculate the remainder when 2835807 is divided by 2178.
51
Calculate the remainder when 670289842 is divided by 716.
714
What is the remainder when 1226940 is divided by 399?
15
What is the remainder when 163157747 is divided by 2158?
2157
Calculate the remainder when 38652 is divided by 18675.
1302
Calculate the remainder when 314007 is divided by 10812.
459
Calculate the remainder when 204460 is divided by 204094.
366
What is the remainder when 39091588 is divided by 31?
30
Calculate the remainder when 263695 is divided by 5.
0
Calculate the remainder when 9812226 is divided by 6302.
12
Calculate the remainder when 2529359 is divided by 3243.
3062
What is the remainder when 8012116 is divided by 98915?
1
Calculate the remainder when 98424 is divided by 1893.
1881
What is the remainder when 361883111 is divided by 1237?
1235
Calculate the remainder when 215738 is divided by 3717.
152
What is the remainder when 250712 is divided by 15643?
424
What is the remainder when 76262572 is divided by 7626254?
32
What is the remainder when 1071910 is divided by 1054?
1046
Calculate the remainder when 10904964 is divided by 123.
30
What is the remainder when 83226155 is divided by 37?
20
What is the remainder when 19011 is divided by 3770?
161
Calculate the remainder when 54890129 is divided by 1175.
4
What is the remainder when 12562 is divided by 155?
7
Calculate the remainder when 2845861 is divided by 32333.
557
What is the remainder when 9716680 is divided by 6054?
10
Calculate the remainder when 19800181 is divided by 58065.
16
What is the remainder when 1830902 is divided by 462?
458
What is the remainder when 1680139 is divided by 336027?
4
Calculate the remainder when 75044 is divided by 802.
458
Calculate the remainder when 541370 is divided by 21653.
45
What is the remainder when 17733 is divided by 182?
79
What is the remainder when 2253413 is divided by 19?
13
Calculate the remainder when 8022483 is divided by 373.
372
Calculate the remainder when 167720039 is divided by 89.
73
What is the remainder when 2513796 is divided by 144?
132
What is the remainder when 35262389 is divided by 8815590?
29
What is the remainder when 11197712 is divided by 319934?
22
Calculate the remainder when 229073949 is divided by 466.
465
Calculate the remainder when 422541 is divided by 8801.
93
Calculate the remainder when 166853217 is divided by 6417431.
11
Calculate the remainder when 24161026 is divided by 812.
778
Calculate the remainder when 15559 is divided by 12564.
2995
Calculate the remainder when 24382 is divided by 1031.
669
What is the remainder when 2395722 is divided by 1038?
18
What is the remainder when 88863 is divided by 17144?
3143
What is the remainder when 442687 is divided by 1090?
147
What is the remainder when 17813 is divided by 105?
68
Calculate the remainder when 201087426 is divided by 3.
0
Calculate the remainder when 17153237 is divided by 165.
2
What is the remainder when 387177573 is divided by 782?
771
What is the remainder when 4717943 is divided by 1572615?
98
Calculate the remainder when 173090 is divided by 173079.
11
What is the remainder when 1048273 is divided by 154?
149
Calculate the remainder when 85084 is divided by 6052.
356
What is the remainder when 20120 is divided by 10039?
42
Calculate the remainder when 22126493 is divided by 5531616.
29
Calculate the remainder when 579094 is divided by 528.
406
What is the remainder when 42431 is divided by 3809?
532
What is the remainder when 18966122 is divided by 1363?
1340
Calculate the remainder when 1143778 is divided by 1143706.
72
Calculate the remainder when 85751287 is divided by 1192.
1191
Calculate the remainder when 58932790 is divided by 47.
7
Calculate the remainder when 5585489 is divided by 398962.
21
What is the remainder when 18070601 is divided by 337?
324
What is the remainder when 11638656 is divided by 5819321?
14
Calculate the remainder when 2200262 is divided by 11400.
62
What is the remainder when 779979 is divided by 1656?
3
What is the remainder when 1582109 is divided by 2434?
9
Calculate the remainder when 68332976 is divided by 290.
276
Calc